*3 + 2*p + 2. Is h(-1) a prime number?
False
Is 32053/57 + 4/6 prime?
True
Let p(n) = 2*n. Let s be p(2). Suppose -s*f + 300 + 431 = 5*o, -o + 127 = -4*f. Is o composite?
True
Let b = -164 + 321. Is b composite?
False
Let w(n) = 2*n + 16. Let x(v) = -v - 8. Let g(f) = -2*w(f) - 5*x(f). Let b be g(-7). Let q = 7 - b. Is q a prime number?
False
Let f = 1268 - 277. Is f a composite number?
False
Suppose 0*n - 18*n + 11754 = 0. Is n prime?
True
Let x = 5 + -2. Suppose -16 = z - 5*z. Suppose -x*g + z = -101. Is g prime?
False
Let f be (-16)/(-24) + 16/(-6). Is (30 - (-3 + 0)) + f prime?
True
Let o = -11 + 2. Let i(t) = -t - 3. Let j be i(o). Let x(g) = 15*g + 5. Is x(j) composite?
True
Let p(k) = k**2 + 5*k - 6. Let m be p(-7). Is 537/15 - m/10 composite?
True
Suppose -w + 2*s + 2 = 0, 4*w + 13 = -2*s - 19. Is (w/(-4) - 2)*-118 prime?
True
Let k(p) = p**2 + 14*p + 3. Is k(-16) prime?
False
Let f = 6067 + -1654. Is f prime?
False
Let n = 50 + -34. Let f = n - -5. Is f a prime number?
False
Let k(w) = 45*w**2 + 9*w + 1. Is k(-3) composite?
False
Suppose -3*h + 3 = 0, 4*r + 2*h = 13 + 1. Suppose 2*i - 7 + 1 = -4*v, -r*i + 3*v + 18 = 0. Suppose 0*n - i*n = -125. Is n a prime number?
False
Let f = -646 + 1150. Suppose 6 + 0 = 3*i, 0 = 4*w - 2*i - f. Is w a prime number?
True
Let z be -24*(-3)/((-9)/6). Let u = z + 79. Is u a composite number?
False
Let k(d) = -2*d - 2. Let u be k(-3). Suppose u*q - 174 = q. Is q a prime number?
False
Suppose -4*j = -5*z + 10, 0 = 3*z - 2*z - 2. Suppose j = a - 170 + 4. Is a a composite number?
True
Let f = -21 + 39. Suppose c = -c - f. Is (-220)/(-6) - 3/c prime?
True
Is 6/(-33) - (-2 + 34302/(-22)) composite?
True
Let v(h) = h**3 - 5*h**2 - 8*h + 9. Let j be v(6). Let g = 22 + j. Is g a prime number?
True
Let n be 10/(-4)*30/(-25). Suppose 0 = -2*i - n*i + 265. Is i a prime number?
True
Let q be 8/(-12)*(-2121)/2. Let l = q + -454. Is l prime?
False
Suppose -2*y + y = -201. Suppose -4*q + 75 = -y. Is q a prime number?
False
Suppose 5*b + 0 = 10. Let o(a) = 2 + 5*a**3 - 2*a**3 - 4 + 5*a**3. Is o(b) a composite number?
True
Let i = 656 - 436. Suppose -c + i = 4*c. Let d = c + -21. Is d a composite number?
False
Let s(u) = u**3 + 9*u**2 - 2*u - 13. Let x be s(-9). Suppose -p + 242 = x*t, t + 4*p - 37 = -0*t. Is t a composite number?
True
Let a = 387 + -187. Suppose -2*x = 3*x - a. Is (144/x)/(2/5) a prime number?
False
Let k = 167 - -90. Is k a composite number?
False
Suppose 4*m = 4*n + n - 30, 3*n + m - 1 = 0. Suppose -1 - 1 = n*h. Is h/(-2)*191*2 composite?
False
Let w(j) = -j. Let m be w(-2). Suppose 5 = q, -m*q - q = 2*f - 89. Is f a composite number?
False
Let u be (30/(-25))/(2/(-10)). Let b(o) be the first derivative of 7*o**2/2 + 5*o + 1. Is b(u) composite?
False
Suppose 24 = 2*t + 3*p, -p + 5 = -4*t + 81. Suppose -5*a + 0*a - 2*u + 149 = 0, 4*u - 124 = -4*a. Let j = a + t. Is j composite?
False
Let d be ((-4)/(-8))/(2/(-20)). Let m be 2/d*(5 - 10). Suppose -m*z - 5*o = -426, 2*z - o = 2*o + 458. Is z composite?
False
Let w(a) = -a**3 + a**2 + 2*a + 1. Let t be w(-2). Suppose -2*o + 61 = -t. Is o composite?
True
Let s(j) be the second derivative of 4*j**3/3 - 2*j**2 - 3*j. Let b be s(7). Is (-1)/(2*(-2)/b) composite?
False
Suppose -y + 35 = -0*y. Is y composite?
True
Let g = 1162 - 756. Let i = g - 144. Let b = -165 + i. Is b a prime number?
True
Suppose -79 = 5*g + 2*j - 6*j, -2*j + 17 = -g. Is ((-216)/g + 3)*5 a prime number?
False
Let y be 2/6 + 430/(-3). Is (y/2)/(14/(-28)) a prime number?
False
Let i(y) = 24*y - 6. Let v be i(6). Suppose 3*o - v = -0*o. Is o a composite number?
True
Let l(z) = -2*z**3 - 2*z**2 + 12*z + 5. Is l(-6) prime?
True
Suppose -d - 7 = 2*u, 0*d + d = -4*u - 11. Is d/(-1) - (-350)/7 prime?
True
Let a = 12 + -8. Suppose 2*r - 2*n - 4 = -a*n, -4*r + 9 = 3*n. Suppose 5*q - 4*h = 66, r*h = -5*q - 2*h + 30. Is q prime?
False
Suppose 5 = 5*j - 0, 4*j = 3*i - 8. Suppose h = -i*h + 815. Is h prime?
True
Let t(x) = -9*x**3 - 4*x**2 - 3*x + 9. Is t(-5) prime?
True
Let f be ((-10)/(-3) - 4)*-351. Suppose -1682 - f = -4*d. Is d prime?
True
Let u(k) = -2*k. Let p be u(-3). Let z(y) = -6*y + 7. Let c(m) = -5*m + 8. Let d(r) = 2*c(r) - 3*z(r). Is d(p) composite?
False
Let q(b) = -15*b - 7. Let z(y) = 15*y + 6. Let l(f) = 4*q(f) + 5*z(f). Suppose 0 = -3*m + 12 + 3. Is l(m) prime?
False
Let k(a) = 5 + 7*a - 2 + a**2 - 7*a. Is k(6) a prime number?
False
Let g be (-8)/6*3/(-2). Suppose 5*y - 3*b - 1007 = -b, y = g*b + 195. Is y composite?
True
Let y = -5 + 3. Let c be (y + 2)/((-2)/2). Suppose 0 = -k - c*k + 85. Is k composite?
True
Let c = 3262 - 1947. Is c prime?
False
Suppose 261 = d + 4*s, -2*s + 5*s = 3. Is d prime?
True
Let j(a) = -a**2 + 317. Is j(0) a prime number?
True
Let z(y) = -9*y - 9. Let a(w) = w. Let h(p) = 4*a(p) + z(p). Is h(-6) prime?
False
Suppose 3*q + 231 = -2*o, 3*o = -4*q + 100 - 447. Let v = o + 200. Is v a prime number?
True
Suppose 24 = m + 4*b, -3*m = -0*m - 4*b - 40. Is -1 - 1 - (0 - m) prime?
False
Let b(g) = -g**3 - g**2 + 11. Let r be 1/((-2)/(-4)) - -13. Suppose -5 = 5*o - d, 0 = o - 2*o - 3*d + r. Is b(o) a prime number?
True
Let a(n) = 25*n**3 + 2*n**2 + 7*n - 5. Is a(4) composite?
True
Let j = -15 + 34. Let f(m) = -m**2 - 7*m - 6. Let g be f(-7). Let r = g + j. Is r a prime number?
True
Let v = 0 - -1. Is v*4/8*238 composite?
True
Let p be (-15)/10 - (-6)/4. Suppose p = -3*d - 1 + 7. Suppose 2*j = -3*y + 88 + 357, -d*j = 2*y - 296. Is y prime?
True
Let a = -1175 + 2266. Let r = 1550 - a. Suppose y = -5*m + 3*y + r, -3*m = -2*y - 277. Is m a composite number?
True
Suppose -5*r - 2844 = 3*s + 398, -5390 = 5*s + 5*r. Is ((-3)/9)/(2/s) prime?
True
Let r(u) = -u - 3. Let f be r(-5). Is 7 - ((-8)/2)/f a prime number?
False
Let g(n) = -83*n - 12. Is g(-5) a prime number?
False
Let o(s) = 3*s**2 - s - 6. Let b(p) = 2*p**2 - 2*p - 7. Let a(v) = -5*b(v) + 4*o(v). Is a(-8) composite?
True
Let h(q) = -6*q**3 + q**2 - 2*q - 3. Is h(-2) a composite number?
False
Let y(x) be the first derivative of -9*x**2/2 + 6*x + 2. Is y(-5) a composite number?
True
Let q be ((-58)/(-4))/(6/12). Let r = q - 19. Is r prime?
False
Let s(f) = -19*f - 10. Is s(-8) a composite number?
True
Let u(p) = -8*p**2 + 3*p - 4. Let r(n) = 7*n**2 - 2*n + 4. Let s(m) = 3*r(m) + 2*u(m). Let o be s(3). Let v = o - 34. Is v prime?
False
Let t = 629 - 309. Is 14/(-21) + t/3 composite?
True
Suppose 0 = 9*i + 2*i - 869. Is i a prime number?
True
Is 431228/252 + (-2)/9 composite?
True
Let h = 1580 + -321. Is h a prime number?
True
Let h(j) = -j**3 - 2*j**2 + j + 7. Is h(-5) a prime number?
False
Let x = 1035 - 595. Suppose 2*v - x = -2*w, 0 = 4*w - 9*w - 5. Is v composite?
True
Suppose -91 = -4*u + 281. Suppose 90 + u = -3*j. Let i = j - -104. Is i a composite number?
False
Let q(r) = 2*r + 121. Is q(0) a prime number?
False
Let d be (1 - (-2 - -36))*1. Let t = -23 - d. Let l = t + 11. Is l prime?
False
Suppose 0 = 5*r + 224 - 1019. Is r prime?
False
Is 5858*(0 - (-1)/2) prime?
False
Let b = 8 - 5. Let k be (134/(-3))/(4/(-6)). Is k/b + (-2)/6 prime?
False
Let g = 267 + -99. Suppose -g = -4*m - 4*w, 4*m = 2*w + 48 + 138. Let b = m + -26. Is b a prime number?
True
Let a be 1 - (1 + -1) - -2. Let t(x) = -4*x**2 - 3. Let b be t(a). Let g = -25 - b. Is g a prime number?
False
Let d(a) = -11*a - 2. Is d(-5) prime?
True
Let x = 13 + -9. Suppose -x*c + 4*w = 48, 2 = -4*c - 5*w - 1. Is (-2088)/(-56) + 2/c prime?
True
Let h = 126 - -487. Is h a prime number?
True
Let g(d) = -d + 10. Let l be g(7). Suppose -37 = -a + 2*m, 3*a + l*m - 8 = 58. Is 1005/a - (-4)/(-18) prime?
True
Let h(s) = s**3 + 6*s**2 - 7*s + 1. Let n be h(-5). Let c = n - 6. Is c a prime number?
False
Let f = 2 - -3. Suppose 0 = f*m + 3 + 7. Is 47 + 3 - 2/m a composite number?
True
Let z = -144 - -685. Is z prime?
True
Suppose -2*f = -4*d + 202, 0 = -5*d + 4*f - f + 254. Is d prime?
False
Let a = 1 - -2. Suppose -a*w + 76 = -4*x, -2*w - 5*x + 53 = -36. Suppose h - w = 5*l, 41 = 3*h + 5*l - 75. Is h composite?
False
Let g(u) = u**3 + 5*u**2 + 4*u + 1. Let o be g(-4). Suppose 0*r + 14 = -2*r + 4*p, r + 2*p - o = 0. Is 2 + r - 25*-2 composite?
True
Let g = -74 - -306. Is g/10 + (-1)/5 a prime number?
True
Suppose -5*y = -4*y - 98. Let z be (-2)/(-3) - y/(-6). S